0322)/(-430)?
2, 3, 1009
Let s = 21391 + -8505. What are the prime factors of s?
2, 17, 379
Suppose 2*y = -3*y + 225. Let m be 36/y - (-929)/(-5). Let n = m - -261. List the prime factors of n.
2, 19
Suppose -24 = -5*r - a, 4*r + 2*a - 16 = 2. Suppose -3*y + r*w = -524, 0*y = y - 5*w - 168. Suppose -4*j = -2*j - y. What are the prime factors of j?
89
Let w(d) = 3*d**2 - d. Let t be w(-1). Suppose i - 9 = t*q - 36, i = q - 9. List the prime factors of q.
2, 3
Suppose 6*h - 2512 = 4*x + 5*h, -3*x - 1895 = 2*h. Let g = -7 - x. What are the prime factors of g?
2, 311
Suppose -26*d = -1537668 - 295020. List the prime factors of d.
2, 3, 11, 89
Let i = 164 + -49. Let u = 117 - i. Suppose -u*o + 32 = -8. What are the prime factors of o?
2, 5
Suppose 2*i - 5 - 1 = 0. Suppose 4*m + 0*m = i*x - 238, -3*x + 226 = -m. Let b = x - -102. List the prime factors of b.
2, 11
Suppose -5*m + 82648 = -246462. What are the prime factors of m?
2, 32911
Let p = 51347 - 35188. Suppose -24*n + 1529 = -p. What are the prime factors of n?
11, 67
Suppose -6*p - 875 = -13*p. Suppose -4*h + 2*o = -231 - 219, -h - 2*o + p = 0. Suppose -19 = r - h. List the prime factors of r.
2, 3
Let q be 1*(1*-2 + (11 - 32)). Let b(z) = -z**2 - 30*z + 48. List the prime factors of b(q).
11, 19
Let j(c) = 7*c**3 - 1. Let m be j(1). Suppose -y - 46 = 3*z - m*z, 0 = 2*z + 2*y - 36. Suppose 18*v - z*v = 160. List the prime factors of v.
2, 5
Let z be -1 + 3 - (-6 - -1 - -2). Let j(o) = 3*o**2 + 13*o + 4. Let i be j(z). Let x = 281 - i. List the prime factors of x.
137
Let p(m) = -4*m**3 - 9*m**2 + 10*m - 43. What are the prime factors of p(-12)?
7, 19, 41
Suppose 0 = 93*c - 99*c + 1248. Let b = c - -25. List the prime factors of b.
233
Suppose 6*c - 1680 = -c. Let d = c + 98. List the prime factors of d.
2, 13
Suppose 3*v + 5*d = -50, -2*d + 20 = -7*d. Let m be (468/v)/(2*9/(-60)). Let n = -49 + m. List the prime factors of n.
107
List the prime factors of -45668*(403/52 - (-40)/(-5)).
7, 233
Let v = -5169 + 8398. List the prime factors of v.
3229
Let l = 17 - 17. Suppose -2*d + 0 = -3*v - 131, l = d - 1. Let z = 147 + v. What are the prime factors of z?
2, 13
Suppose 5*u = -42 - 23. Let v = -20 - u. Let w = v - -35. List the prime factors of w.
2, 7
Let k = 21557 + -7707. What are the prime factors of k?
2, 5, 277
Let i(q) = 4*q**3 + 10*q**2 - q + 3. Let n be i(-3). Let k be (15/25)/(n/(-40)). Suppose -5*b + 17 + 8 = 0, -4*g = k*b - 194. What are the prime factors of g?
2, 23
Suppose -24141 = -r - 4*w + 734, -5*r + 2*w = -124221. What are the prime factors of r?
24847
Suppose 1308*h - 1238*h - 1870836 - 2575704 = 0. What are the prime factors of h?
2, 3, 3529
Let j(t) = t**3 + 2*t**2 - 13*t - 8. Let b(n) = 2*n**3 + 17*n**2 + 7*n + 1. Let x be b(-8). What are the prime factors of j(x)?
2, 383
Let z(l) = 333*l**2 - 224*l + 14. What are the prime factors of z(9)?
24971
Suppose 4*p - 2*p = 4*r + 8426, -5*p = -4*r - 21077. Suppose u = 2*w + 837, -10*w + 12*w = 5*u - p. What are the prime factors of u?
5, 13
Suppose -53*g = -104*g + 1184628. What are the prime factors of g?
2, 5807
List the prime factors of (0 - -6998) + (159 - 170).
3, 17, 137
Let a be (-2 - 152)/(-7)*187. Suppose -12*t - h = -10*t - 1645, -5*t - 2*h + a = 0. List the prime factors of t.
2, 103
Let f = -69 + 65. Let r(a) = -102*a - 79. List the prime factors of r(f).
7, 47
Let i(c) = 2*c**2 - 10*c - 98. Let o be i(-5). Suppose 6*w = -2*t + 1228, -o*t = 2*w - 1587 + 371. List the prime factors of t.
5, 11
What are the prime factors of 1038282/236*32/6?
2, 7, 419
Suppose 552292 + 29005 + 566104 = 241*n. What are the prime factors of n?
3, 23
Let z(w) = -347*w - 3117. What are the prime factors of z(-12)?
3, 349
Let u = -9978 + 17024. List the prime factors of u.
2, 13, 271
Suppose -5*o = -4*y + 58336, 87*y - o = 90*y - 43771. What are the prime factors of y?
3, 1621
Let x = 8430 + 12310. List the prime factors of x.
2, 5, 17, 61
Suppose -z - 4*a = -67230, 3*z - 1583*a - 201834 = -1579*a. List the prime factors of z.
2, 3, 37, 101
Let i(f) = f**2 + 33*f + 126. Let n be i(-28). What are the prime factors of 651/n*168/(-18)?
2, 7, 31
Let r = 48389 - 16603. What are the prime factors of r?
2, 23, 691
Suppose 0 = -o - o + 18. Let h(r) = 3*r**2 + 97*r - 166. Let w be h(-34). Suppose -o*c + 875 = -w*c. List the prime factors of c.
5, 7
Let t = -31 + 34. Suppose -t*h - 7 + 22 = 0. Suppose g + 50 = x - 4*g, -h*x + 278 = 3*g. What are the prime factors of x?
5, 11
Suppose 0 = z + 13*r - 14*r - 20289, 40574 = 2*z + 2*r. List the prime factors of z.
2, 317
Let c be -8 - -3 - 0 - (-3 - 265). Suppose c*z = 267*z - 5612. What are the prime factors of z?
23, 61
Suppose 13 = 5*b + 5*d - 12, -5*b + d + 31 = 0. Suppose -2*c - b*j + 1439 = 171, -2591 = -4*c - j. List the prime factors of c.
11, 59
Suppose 3*c - 4*x - 18346 - 3130 = 0, 3*c + 3*x - 21441 = 0. What are the prime factors of c?
2, 3, 149
Let k(c) = 19*c - 114. Let o be k(6). Suppose o = 24*b - 2906 - 7534. List the prime factors of b.
3, 5, 29
Let w(b) be the first derivative of b**4/4 - 4*b**3/3 + 5*b**2/2 - 4*b - 42. Let x be w(3). Suppose x*q = -q + 108. List the prime factors of q.
2, 3
Let f = -861 - -884. Suppose -f*z = -27*z + 3592. List the prime factors of z.
2, 449
Let j = 19379 + -123. What are the prime factors of j?
2, 29, 83
Let b(z) = 6609*z + 710. What are the prime factors of b(4)?
2, 7, 277
Suppose -202*o + 4402800 = -2563776. List the prime factors of o.
2, 3, 479
Let t = 29099 - 17480. What are the prime factors of t?
3, 1291
Suppose 2*i - 228 = 2*j, 3*i + j + 441 = 7*i. Suppose -927 = -2*h - i. List the prime factors of h.
409
Let a be 1 - (2 + -4 - -5). Let q be (a + 3 - 3) + 0. Let t(x) = -18*x - 3. List the prime factors of t(q).
3, 11
Let f(q) = -4*q + 12. Let w = 80 - 77. Let l be f(w). Suppose l*j - 249 = -3*j. What are the prime factors of j?
83
What are the prime factors of (-8)/(-36) + (-778867)/(-171)?
5, 911
Let j be 205 + (-1)/(0 + 5/5). Suppose j = 7*d - 1847. List the prime factors of d.
293
Let j = -190 - -193. Suppose 0 = j*z + 2*d - 200 - 1418, -2*d = -4*z + 2162. What are the prime factors of z?
2, 3, 5
Let g(s) = 584 + 5*s + s + 7*s. Let j be g(0). Suppose -776 = -5*c + j. List the prime factors of c.
2, 17
Let q = -13280 - -19801. What are the prime factors of q?
6521
Let a(q) = -q**2 - 3*q + 8. Let o be a(-6). Let l be 4*5/o - -4. Suppose -2*t - 4*m = -76, 7*t - l*t + 4*m = 184. What are the prime factors of t?
2, 3
Suppose 5*v - 5*j - 4134 = 1286, 4*v - 4312 = -2*j. Suppose 3665 = 5*g - v. List the prime factors of g.
13, 73
Let h = -105136 + 163087. List the prime factors of h.
3, 47, 137
Let v(d) = 717*d**2 - 494*d - 2. What are the prime factors of v(6)?
2, 11423
Let t(h) = -3*h**2 - 3*h - 5. Let m(b) = 7*b**2 + 7*b + 11. Let k(a) = 2*m(a) + 5*t(a). Let o be k(-13). Let v = -80 - o. What are the prime factors of v?
79
Let z = 85 - 60. Let p be (7/2)/(-7)*-10 - 0. Suppose -p*u = -z, d = -2*d - 5*u + 277. What are the prime factors of d?
2, 3, 7
Let z be (-167)/3 + (-8)/(-12). Let r be 930/(-35) - 21/49. Let s = r - z. List the prime factors of s.
2, 7
Let a(p) = -6*p**2 - 2*p - 8. Let j be a(-3). Let m = j + 66. What are the prime factors of 598/m - 13/(-65)?
2, 3, 5
Let s = 8 + -3. Let u(d) = 11*d**3 - 3*d**2 + 6*d - 20. Let z be u(3). Suppose s*l - z = 5*o + 87, 142 = 2*l + 4*o. What are the prime factors of l?
71
Suppose -5*b = 5*v - 1435, -858 = -3*b + 2*v - 6*v. Let f = 622 - b. Suppose 683 + f = 7*g. List the prime factors of g.
5, 29
Let w(a) = -a**3 + 45*a**2 + 45*a + 285. List the prime factors of w(46).
239
Let v(d) = -d + 5. Let t be v(-1). Suppose -t*p = -p - 2100. Suppose -5*j - 3*z = -700, -4*j = -7*j + z + p. What are the prime factors of j?
2, 5, 7
Suppose 5*j = 127 + 48. Suppose -40*w = -j*w. Suppose -3*c + 30 + 33 = w. List the prime factors of c.
3, 7
Suppose -14040 = 4*m + 6*m. Let c = -958 - m. What are the prime factors of c?
2, 223
Suppose -8*a = -19*a + 33. Suppose 1545 = 3*k - 0*b + a*b, -k - 3*b + 517 = 0. What are the prime factors of k?
2, 257
Let u = 3 - -18. Suppose l + 2*y + 20 = 0, l - 3*y + 14 = -u. Let q = 28 + l. List the prime factors of q.
2
Suppose -10*n - 4*o - 16 = -5*n, n - 4*o = 16. Suppose n = -14*